{"id":10364,"date":"2026-01-06T11:14:36","date_gmt":"2026-01-06T10:14:36","guid":{"rendered":"https:\/\/affaldsshop.dk\/dinforsyning\/?post_type=product&#038;p=10364"},"modified":"2026-01-06T11:20:35","modified_gmt":"2026-01-06T10:20:35","slug":"asbestsaek-special-max-1-000-kg","status":"publish","type":"product","link":"https:\/\/affaldsshop.dk\/dinforsyning\/product\/asbestsaek-special-max-1-000-kg\/","title":{"rendered":"Asbests\u00e6k special &#8211; max 1.000 kg"},"content":{"rendered":"<p>Denne variant er til st\u00f8rre elementer, som IKKE kan h\u00e5ndteres af de andre s\u00e6kke.<\/p>\n<p>Asbests\u00e6k og palle til 1.000 kg asbest- og eternitaffald. OBS &#8211; ordningen er kun for adresser i Varde Kommune!<\/p>\n<p><em><strong>Bem\u00e6rk adressen skal v\u00e6re afhentningsadressen.<\/strong><\/em><\/p>\n<p>Her kan du se, hvor mange plader, der kan v\u00e6re i det antal s\u00e6kke, der er ved at bestille:<\/p>\n<span capacity=\"50\" container=\"asbests\u00e6k,asbests\u00e6kke\" waste=\"tagplade,tagplader\" class=\"bigbag-placeholder\">Interactive Element Placeholder for bigbag (functionality not mounted)<\/span>\n<p>Posens m\u00e5l (udvendigt): 120x125x100cm<\/p>\n<p>Pallens m\u00e5l : 120x100x14cm<\/p>\n<p>S\u00e6kken har bindeb\u00e5nd, s\u00e5 den kan lukkes forsvarligt. Desuden har den l\u00f8ftestropper, som kan bruges, n\u00e5r s\u00e6kken hentes.<\/p>\n","protected":false},"excerpt":{"rendered":"<p>Asbests\u00e6k og palle til 1.000 kg asbest- og eternitaffald. Denne variant er til st\u00f8rre elementer, som IKKE kan h\u00e5ndteres af de andre s\u00e6kke.<\/p>\n","protected":false},"featured_media":3056,"template":"","meta":{"_acf_changed":false},"product_brand":[],"product_cat":[29],"product_tag":[],"class_list":{"0":"post-10364","1":"product","2":"type-product","3":"status-publish","4":"has-post-thumbnail","6":"product_cat-asbestsaekke","8":"first","9":"instock","10":"taxable","11":"shipping-taxable","12":"purchasable","13":"product-type-simple"},"group_of_quantity":0,"min_quantity":1,"max_quantity":6,"exclude_order_quantity_value_rules":"no","exclude_category_quantity_rules":"no","combine_variations":"no","acf":[],"_links":{"self":[{"href":"https:\/\/affaldsshop.dk\/dinforsyning\/wp-json\/wp\/v2\/product\/10364","targetHints":{"allow":["GET"]}}],"collection":[{"href":"https:\/\/affaldsshop.dk\/dinforsyning\/wp-json\/wp\/v2\/product"}],"about":[{"href":"https:\/\/affaldsshop.dk\/dinforsyning\/wp-json\/wp\/v2\/types\/product"}],"wp:featuredmedia":[{"embeddable":true,"href":"https:\/\/affaldsshop.dk\/dinforsyning\/wp-json\/wp\/v2\/media\/3056"}],"wp:attachment":[{"href":"https:\/\/affaldsshop.dk\/dinforsyning\/wp-json\/wp\/v2\/media?parent=10364"}],"wp:term":[{"taxonomy":"product_brand","embeddable":true,"href":"https:\/\/affaldsshop.dk\/dinforsyning\/wp-json\/wp\/v2\/product_brand?post=10364"},{"taxonomy":"product_cat","embeddable":true,"href":"https:\/\/affaldsshop.dk\/dinforsyning\/wp-json\/wp\/v2\/product_cat?post=10364"},{"taxonomy":"product_tag","embeddable":true,"href":"https:\/\/affaldsshop.dk\/dinforsyning\/wp-json\/wp\/v2\/product_tag?post=10364"}],"curies":[{"name":"wp","href":"https:\/\/api.w.org\/{rel}","templated":true}]}}