{"id":2597,"date":"2021-06-10T11:20:44","date_gmt":"2021-06-10T09:20:44","guid":{"rendered":"https:\/\/affaldsshop.dk\/kolding\/?post_type=product&#038;p=2597"},"modified":"2025-03-31T15:22:37","modified_gmt":"2025-03-31T13:22:37","slug":"borger-bigbag-til-asbest-og-eternit","status":"publish","type":"product","link":"https:\/\/affaldsshop.dk\/kolding\/product\/borger-bigbag-til-asbest-og-eternit\/","title":{"rendered":"Borger : Bigbag til asbest og eternit"},"content":{"rendered":"<p>Bigbag til tagplader af fibercement med og uden asbest.<\/p>\n<p>Denne bigbag kan rumme ca. 35 &#8211; 50 tagplader og klare en belastning p\u00e5 1 ton.<\/p>\n<span capacity=\"35\" container=\"bigbag,bigbags\" waste=\"tagplade,tagplader\" class=\"bigbag-placeholder\">Interactive Element Placeholder for bigbag (functionality not mounted)<\/span>\n<ul>\n<li style=\"font-weight: 400\">Et parcelhus p\u00e5 120 m\u00b2 kr\u00e6ver typisk seks bigbags<\/li>\n<li style=\"font-weight: 400\">Et st\u00f8rre hus p\u00e5 150 m\u00b2 kr\u00e6ver cirka otte bigbags<\/li>\n<\/ul>\n<p style=\"font-weight: 400\">N\u00e5r du henter bigbags p\u00e5 genbrugspladsen, f\u00e5r du som standard udleveret bigbags med \u00e5bning i siden. Du kan f\u00e5 udleveret med \u00e5bning i toppen, som er bedre egnet til tungt st\u00f8vende asbestaffald.<\/p>\n<p style=\"font-weight: 400\">Har du under 50 kilo asbestholdigt affald, skal det afleveres dobbeltemballeret (indpakket i to plasts\u00e6kke) p\u00e5 genbrugspladsen.<\/p>\n<p style=\"font-weight: 400\">Vigtigt: N\u00e5r du g\u00e5r til \u2019Kassen\u2019 for at bestille bigbags, skal du indtaste den adresse, hvor affaldet skal hentes. Vi henter kun i Kolding Kommune<\/p>\n","protected":false},"excerpt":{"rendered":"<p>Bigbag til affald med asbest og eternit til borgere.<\/p>\n","protected":false},"featured_media":2764,"template":"","meta":{"_acf_changed":false},"product_brand":[],"product_cat":[19],"product_tag":[20],"class_list":{"0":"post-2597","1":"product","2":"type-product","3":"status-publish","4":"has-post-thumbnail","6":"product_cat-bigbags","7":"product_tag-bigbag","9":"first","10":"instock","11":"taxable","12":"shipping-taxable","13":"purchasable","14":"product-type-simple"},"group_of_quantity":0,"min_quantity":0,"max_quantity":"","exclude_order_quantity_value_rules":"no","exclude_category_quantity_rules":"no","combine_variations":"no","acf":[],"_links":{"self":[{"href":"https:\/\/affaldsshop.dk\/kolding\/wp-json\/wp\/v2\/product\/2597","targetHints":{"allow":["GET"]}}],"collection":[{"href":"https:\/\/affaldsshop.dk\/kolding\/wp-json\/wp\/v2\/product"}],"about":[{"href":"https:\/\/affaldsshop.dk\/kolding\/wp-json\/wp\/v2\/types\/product"}],"wp:featuredmedia":[{"embeddable":true,"href":"https:\/\/affaldsshop.dk\/kolding\/wp-json\/wp\/v2\/media\/2764"}],"wp:attachment":[{"href":"https:\/\/affaldsshop.dk\/kolding\/wp-json\/wp\/v2\/media?parent=2597"}],"wp:term":[{"taxonomy":"product_brand","embeddable":true,"href":"https:\/\/affaldsshop.dk\/kolding\/wp-json\/wp\/v2\/product_brand?post=2597"},{"taxonomy":"product_cat","embeddable":true,"href":"https:\/\/affaldsshop.dk\/kolding\/wp-json\/wp\/v2\/product_cat?post=2597"},{"taxonomy":"product_tag","embeddable":true,"href":"https:\/\/affaldsshop.dk\/kolding\/wp-json\/wp\/v2\/product_tag?post=2597"}],"curies":[{"name":"wp","href":"https:\/\/api.w.org\/{rel}","templated":true}]}}